{"id":1319,"date":"2020-05-02T00:01:04","date_gmt":"2020-05-01T23:01:04","guid":{"rendered":"https:\/\/www.signaletique-image-design.com\/?page_id=1319"},"modified":"2020-05-02T00:29:23","modified_gmt":"2020-05-01T23:29:23","slug":"genevieve","status":"publish","type":"page","link":"https:\/\/www.signaletique-image-design.com\/?page_id=1319","title":{"rendered":"Genevi\u00e8ve"},"content":{"rendered":"<p style=\"text-align: center;\"><strong>GE,<\/strong> artiste plurielle utilise la force de la couleur et de\u00a0 ses harmonies pour dialoguer avec le coeur de chacun.<\/p>\n<p style=\"text-align: center;\">De\u00a0cet univers inspir\u00e9 du bout de ses doigts, elle am\u00e8ne au jour l&#8217;\u00e9motion, la joie, la douceur et la force des \u00e9l\u00e9ments de la vie.<\/p>\n<p style=\"text-align: center;\">de ses inspirations multiples prisent\u00a0 dans l&#8217;instant, elle propose un l\u00e9ger voyage d&#8217;humanit\u00e9.<\/p>\n<p style=\"text-align: center;\">Un petit coup d\u2019\u0153il sur son r\u00e9seaux social et sur son site et le chant du coquelicot vous charmera.<\/p>\n<p style=\"text-align: center;\">Particulier ou professionnel , vous \u00eates \u00e0 la recherche d&#8217;une \u00a0cr\u00e9ation\u00a0\u00a0sp\u00e9cifique pour un \u00e9v\u00e9nementiel quel qu&#8217;il soit , n&#8217;h\u00e9sitez pas \u00e0 la contacter.<\/p>\n<p style=\"text-align: center;\"><em><strong>Nous remercions Genevi\u00e8ve de nous avoir fait confiance pour l&#8217;impression et la diffusion de ses \u0153uvres<\/strong><\/em><\/p>\n<p style=\"text-align: left;\"><img loading=\"lazy\" class=\"alignnone size-large wp-image-1302\" src=\"https:\/\/www.signaletique-image-design.com\/wp-content\/uploads\/2020\/05\/Mont-Blanc-sublime-Origine-768x1024.jpg\" alt=\"Mont Blanc sublime Origine\" width=\"640\" height=\"853\" \/>\u00a0 <img loading=\"lazy\" class=\"alignnone size-large wp-image-1323\" src=\"https:\/\/www.signaletique-image-design.com\/wp-content\/uploads\/2020\/05\/sublimation-enfant-carre\u0301-1024x1024.jpg\" alt=\"sublimation enfant carre\u0301\" width=\"640\" height=\"640\" \/> <img loading=\"lazy\" class=\"alignnone size-large wp-image-1324\" src=\"https:\/\/www.signaletique-image-design.com\/wp-content\/uploads\/2020\/05\/sublimation-enfant-rond-1024x1024.jpg\" alt=\"sublimation enfant rond\" width=\"640\" height=\"640\" srcset=\"https:\/\/www.signaletique-image-design.com\/wp-content\/uploads\/2020\/05\/sublimation-enfant-rond-1024x1024.jpg 1024w, https:\/\/www.signaletique-image-design.com\/wp-content\/uploads\/2020\/05\/sublimation-enfant-rond-150x150.jpg 150w, https:\/\/www.signaletique-image-design.com\/wp-content\/uploads\/2020\/05\/sublimation-enfant-rond-300x300.jpg 300w, https:\/\/www.signaletique-image-design.com\/wp-content\/uploads\/2020\/05\/sublimation-enfant-rond-768x768.jpg 768w, https:\/\/www.signaletique-image-design.com\/wp-content\/uploads\/2020\/05\/sublimation-enfant-rond-1920x1920.jpg 1920w, https:\/\/www.signaletique-image-design.com\/wp-content\/uploads\/2020\/05\/sublimation-enfant-rond-350x350.jpg 350w, https:\/\/www.signaletique-image-design.com\/wp-content\/uploads\/2020\/05\/sublimation-enfant-rond-700x700.jpg 700w\" sizes=\"(max-width: 640px) 100vw, 640px\" \/><\/p>\n<p style=\"text-align: center;\"><img loading=\"lazy\" class=\"alignnone size-large wp-image-1326\" src=\"https:\/\/www.signaletique-image-design.com\/wp-content\/uploads\/2020\/05\/pas-ours2-726x1024.jpeg\" alt=\"pas ours2\" width=\"640\" height=\"903\" srcset=\"https:\/\/www.signaletique-image-design.com\/wp-content\/uploads\/2020\/05\/pas-ours2-726x1024.jpeg 726w, https:\/\/www.signaletique-image-design.com\/wp-content\/uploads\/2020\/05\/pas-ours2-213x300.jpeg 213w, https:\/\/www.signaletique-image-design.com\/wp-content\/uploads\/2020\/05\/pas-ours2-350x493.jpeg 350w, https:\/\/www.signaletique-image-design.com\/wp-content\/uploads\/2020\/05\/pas-ours2-700x987.jpeg 700w, https:\/\/www.signaletique-image-design.com\/wp-content\/uploads\/2020\/05\/pas-ours2.jpeg 732w\" sizes=\"(max-width: 640px) 100vw, 640px\" \/> \u00a0 \u00a0\u00a0<a href=\"https:\/\/www.facebook.com\/plumeorange\/\" target=\"_blank\"><img loading=\"lazy\" class=\"alignnone wp-image-1313 size-full\" src=\"https:\/\/www.signaletique-image-design.com\/wp-content\/uploads\/2020\/05\/facebook-icon-logo-vector-400x400__ohyqf7-e1588372675563.png\" alt=\"facebook-icon-logo-vector-400x400__ohyqf7\" width=\"100\" height=\"100\" \/><\/a> \u00a0 \u00a0\u00a0<a href=\"https:\/\/5dc980766bc60.site123.me\/\" target=\"_blank\"><img loading=\"lazy\" class=\"alignnone wp-image-1314 size-full\" src=\"https:\/\/www.signaletique-image-design.com\/wp-content\/uploads\/2020\/05\/logo-web-e1588372717799.png\" alt=\"logo web\" width=\"140\" height=\"100\" \/><\/a><\/p>\n","protected":false},"excerpt":{"rendered":"<p>GE, artiste plurielle utilise la force de la couleur et de\u00a0 ses harmonies pour dialoguer avec le coeur de chacun.&hellip;<\/p>\n","protected":false},"author":2,"featured_media":1340,"parent":0,"menu_order":0,"comment_status":"closed","ping_status":"closed","template":"","meta":[],"_links":{"self":[{"href":"https:\/\/www.signaletique-image-design.com\/index.php?rest_route=\/wp\/v2\/pages\/1319"}],"collection":[{"href":"https:\/\/www.signaletique-image-design.com\/index.php?rest_route=\/wp\/v2\/pages"}],"about":[{"href":"https:\/\/www.signaletique-image-design.com\/index.php?rest_route=\/wp\/v2\/types\/page"}],"author":[{"embeddable":true,"href":"https:\/\/www.signaletique-image-design.com\/index.php?rest_route=\/wp\/v2\/users\/2"}],"replies":[{"embeddable":true,"href":"https:\/\/www.signaletique-image-design.com\/index.php?rest_route=%2Fwp%2Fv2%2Fcomments&post=1319"}],"version-history":[{"count":0,"href":"https:\/\/www.signaletique-image-design.com\/index.php?rest_route=\/wp\/v2\/pages\/1319\/revisions"}],"wp:featuredmedia":[{"embeddable":true,"href":"https:\/\/www.signaletique-image-design.com\/index.php?rest_route=\/wp\/v2\/media\/1340"}],"wp:attachment":[{"href":"https:\/\/www.signaletique-image-design.com\/index.php?rest_route=%2Fwp%2Fv2%2Fmedia&parent=1319"}],"curies":[{"name":"wp","href":"https:\/\/api.w.org\/{rel}","templated":true}]}}

Geneviève

<p style="text-align: center;"><strong>GE,</strong> artiste plurielle utilise la force de la couleur et de  ses harmonies pour dialoguer avec le coeur de chacun.</p>
<p style="text-align: center;">De cet univers inspiré du bout de ses doigts, elle amène au jour l&#8217;émotion, la joie, la douceur et la force des éléments de la vie.</p>
<p style="text-align: center;">de ses inspirations multiples prisent  dans l&#8217;instant, elle propose un léger voyage d&#8217;humanité.</p>
<p style="text-align: center;">Un petit coup d’œil sur son réseaux social et sur son site et le chant du coquelicot vous charmera.</p>
<p style="text-align: center;">Particulier ou professionnel , vous êtes à la recherche d&#8217;une  création  spécifique pour un événementiel quel qu&#8217;il soit , n&#8217;hésitez pas à la contacter.</p>
<p style="text-align: center;"><em><strong>Nous remercions Geneviève de nous avoir fait confiance pour l&#8217;impression et la diffusion de ses œuvres</strong></em></p>
<p style="text-align: left;"><img loading="lazy" class="alignnone size-large wp-image-1302" src="https://www.signaletique-image-design.com/wp-content/uploads/2020/05/Mont-Blanc-sublime-Origine-768x1024.jpg" alt="Mont Blanc sublime Origine" width="640" height="853" />  <img loading="lazy" class="alignnone size-large wp-image-1323" src="https://www.signaletique-image-design.com/wp-content/uploads/2020/05/sublimation-enfant-carré-1024x1024.jpg" alt="sublimation enfant carré" width="640" height="640" /> <img loading="lazy" class="alignnone size-large wp-image-1324" src="https://www.signaletique-image-design.com/wp-content/uploads/2020/05/sublimation-enfant-rond-1024x1024.jpg" alt="sublimation enfant rond" width="640" height="640" srcset="https://www.signaletique-image-design.com/wp-content/uploads/2020/05/sublimation-enfant-rond-1024x1024.jpg 1024w, https://www.signaletique-image-design.com/wp-content/uploads/2020/05/sublimation-enfant-rond-150x150.jpg 150w, https://www.signaletique-image-design.com/wp-content/uploads/2020/05/sublimation-enfant-rond-300x300.jpg 300w, https://www.signaletique-image-design.com/wp-content/uploads/2020/05/sublimation-enfant-rond-768x768.jpg 768w, https://www.signaletique-image-design.com/wp-content/uploads/2020/05/sublimation-enfant-rond-1920x1920.jpg 1920w, https://www.signaletique-image-design.com/wp-content/uploads/2020/05/sublimation-enfant-rond-350x350.jpg 350w, https://www.signaletique-image-design.com/wp-content/uploads/2020/05/sublimation-enfant-rond-700x700.jpg 700w" sizes="(max-width: 640px) 100vw, 640px" /></p>
<p style="text-align: center;"><img loading="lazy" class="alignnone size-large wp-image-1326" src="https://www.signaletique-image-design.com/wp-content/uploads/2020/05/pas-ours2-726x1024.jpeg" alt="pas ours2" width="640" height="903" srcset="https://www.signaletique-image-design.com/wp-content/uploads/2020/05/pas-ours2-726x1024.jpeg 726w, https://www.signaletique-image-design.com/wp-content/uploads/2020/05/pas-ours2-213x300.jpeg 213w, https://www.signaletique-image-design.com/wp-content/uploads/2020/05/pas-ours2-350x493.jpeg 350w, https://www.signaletique-image-design.com/wp-content/uploads/2020/05/pas-ours2-700x987.jpeg 700w, https://www.signaletique-image-design.com/wp-content/uploads/2020/05/pas-ours2.jpeg 732w" sizes="(max-width: 640px) 100vw, 640px" />     <a href="https://www.facebook.com/plumeorange/" target="_blank"><img loading="lazy" class="alignnone wp-image-1313 size-full" src="https://www.signaletique-image-design.com/wp-content/uploads/2020/05/facebook-icon-logo-vector-400x400__ohyqf7-e1588372675563.png" alt="facebook-icon-logo-vector-400x400__ohyqf7" width="100" height="100" /></a>     <a href="https://5dc980766bc60.site123.me/" target="_blank"><img loading="lazy" class="alignnone wp-image-1314 size-full" src="https://www.signaletique-image-design.com/wp-content/uploads/2020/05/logo-web-e1588372717799.png" alt="logo web" width="140" height="100" /></a></p>
