{"id":277,"date":"2016-05-09T23:13:29","date_gmt":"2016-05-09T23:13:29","guid":{"rendered":"https:\/\/www.signaletique-image-design.com\/?page_id=277"},"modified":"2022-06-23T19:51:32","modified_gmt":"2022-06-23T17:51:32","slug":"cartes-de-visites","status":"publish","type":"page","link":"https:\/\/www.signaletique-image-design.com\/?page_id=277","title":{"rendered":"CARTE DE VISITE"},"content":{"rendered":"<h3 style=\"text-align: left;\"><img loading=\"lazy\" class=\"size-full wp-image-2010 aligncenter\" src=\"https:\/\/www.signaletique-image-design.com\/wp-content\/uploads\/2022\/05\/cartes_visites.png\" alt=\"\" width=\"564\" height=\"374\" srcset=\"https:\/\/www.signaletique-image-design.com\/wp-content\/uploads\/2022\/05\/cartes_visites.png 564w, https:\/\/www.signaletique-image-design.com\/wp-content\/uploads\/2022\/05\/cartes_visites-300x199.png 300w, https:\/\/www.signaletique-image-design.com\/wp-content\/uploads\/2022\/05\/cartes_visites-350x232.png 350w\" sizes=\"(max-width: 564px) 100vw, 564px\" \/> <img loading=\"lazy\" class=\"size-full wp-image-2011 alignright\" src=\"https:\/\/www.signaletique-image-design.com\/wp-content\/uploads\/2022\/05\/fiche_CV.png\" alt=\"\" width=\"794\" height=\"537\" srcset=\"https:\/\/www.signaletique-image-design.com\/wp-content\/uploads\/2022\/05\/fiche_CV.png 794w, https:\/\/www.signaletique-image-design.com\/wp-content\/uploads\/2022\/05\/fiche_CV-300x203.png 300w, https:\/\/www.signaletique-image-design.com\/wp-content\/uploads\/2022\/05\/fiche_CV-768x519.png 768w, https:\/\/www.signaletique-image-design.com\/wp-content\/uploads\/2022\/05\/fiche_CV-350x237.png 350w, https:\/\/www.signaletique-image-design.com\/wp-content\/uploads\/2022\/05\/fiche_CV-700x473.png 700w\" sizes=\"(max-width: 794px) 100vw, 794px\" \/><\/h3>\n<h3><\/h3>\n<h3 style=\"text-align: center;\"><em><strong>Choix du format<\/strong><\/em><\/h3>\n<p style=\"text-align: center;\">Pour vos cartes de visite vous avez le choix entre le <strong>8.5&#215;5.4cm<\/strong> (format classique), <strong>17&#215;5.4 ouvert \u2013 8.5&#215;5.4 ferm\u00e9<\/strong> (format double \u00e0 l\u2019italienne, ouverture paysage) ou le <strong>8.5&#215;10.8 ouvert \u2013 8.5&#215;5.4 ferm\u00e9<\/strong> (format double pli\u00e9 sur le grand c\u00f4t\u00e9). Ces formats ne sont cependant qu\u2019indicatifs et ne correspondent pas aux formats demand\u00e9s pour l\u2019impression, qui sont respectivement de 89x58mm, 174x58mm et de 89x112mm.Dans tous les cas, n\u2019oubliez jamais de conserver une marge technique de 2mm ainsi qu\u2019un fond perdu de 2mm sur votre cr\u00e9ation, soit 4mm de marges tournantes sur laquelle nous vous conseillons fortement d\u2019\u00e9tirer le fond de votre visuel. En effet, ces 4mm peuvent \u00eatre massicot\u00e9s et ne doivent donc comporter aucun \u00e9l\u00e9ment important. De plus, nos proc\u00e9d\u00e9s d\u2019impression nous permettent de travailler sans hirondelles, ni traits de coupe : vous n\u2019avez donc pas \u00e0 les ins\u00e9rer sur vos cr\u00e9ations de cartes de visite, veillez simplement \u00e0 respecter les 4mm de marges techniques et fonds perdus<\/p>\n<h3 style=\"text-align: center;\"><strong><em>Choix du type de papier<\/em><\/strong><\/h3>\n<p style=\"text-align: center;\">Vous avez le choix entre plusieurs types de papier, depuis le <strong>350g couch\u00e9 mat,\u00a0<\/strong> demi-mat et couch\u00e9 brillant, le 300g recycl\u00e9,\u00a0 l&#8217;original PVC 500 microns + vernis UV, en passant par cinq papiers de cr\u00e9ation diff\u00e9rents : blanc dor\u00e9 pour illuminer votre cr\u00e9ation, iridescent pour lui donner une brillance paillet\u00e9e, argent\u00e9 pour une touche esth\u00e9tique, les rives tradition ou design jusqu&#8217;au magnet 688g\/m2<\/p>\n<h3 style=\"text-align: center;\"><strong><em>Choix de la finition<\/em><\/strong><\/h3>\n<p style=\"text-align: center;\">Standard, pelliculage brillant, mat ou soft touch, vernis s\u00e9lectif<\/p>\n<p style=\"text-align: center;\"><span style=\"color: #0000ff;\"><em><strong>Liste des produits non exhaustive<\/strong><\/em><\/span><\/p>\n<p style=\"text-align: center;\"><a href=\"https:\/\/www.signaletique-image-design.com\/?page_id=58\" target=\"_blank\" rel=\"noopener\"><img loading=\"lazy\" class=\"alignnone wp-image-1235 size-full\" src=\"https:\/\/www.signaletique-image-design.com\/wp-content\/uploads\/2020\/05\/contact2.jpg\" alt=\"contact2\" width=\"346\" height=\"346\" \/><\/a><\/p>\n","protected":false},"excerpt":{"rendered":"<p>Choix du format Pour vos cartes de visite vous avez le choix entre le 8.5&#215;5.4cm (format classique), 17&#215;5.4 ouvert \u2013&hellip;<\/p>\n","protected":false},"author":2,"featured_media":0,"parent":0,"menu_order":0,"comment_status":"closed","ping_status":"closed","template":"","meta":[],"_links":{"self":[{"href":"https:\/\/www.signaletique-image-design.com\/index.php?rest_route=\/wp\/v2\/pages\/277"}],"collection":[{"href":"https:\/\/www.signaletique-image-design.com\/index.php?rest_route=\/wp\/v2\/pages"}],"about":[{"href":"https:\/\/www.signaletique-image-design.com\/index.php?rest_route=\/wp\/v2\/types\/page"}],"author":[{"embeddable":true,"href":"https:\/\/www.signaletique-image-design.com\/index.php?rest_route=\/wp\/v2\/users\/2"}],"replies":[{"embeddable":true,"href":"https:\/\/www.signaletique-image-design.com\/index.php?rest_route=%2Fwp%2Fv2%2Fcomments&post=277"}],"version-history":[{"count":3,"href":"https:\/\/www.signaletique-image-design.com\/index.php?rest_route=\/wp\/v2\/pages\/277\/revisions"}],"predecessor-version":[{"id":2194,"href":"https:\/\/www.signaletique-image-design.com\/index.php?rest_route=\/wp\/v2\/pages\/277\/revisions\/2194"}],"wp:attachment":[{"href":"https:\/\/www.signaletique-image-design.com\/index.php?rest_route=%2Fwp%2Fv2%2Fmedia&parent=277"}],"curies":[{"name":"wp","href":"https:\/\/api.w.org\/{rel}","templated":true}]}}